 5*(-2)/m*-12.
2
Suppose -5*z = -0*q + 5*q - 210, 4*q + 2*z - 168 = 0. List the prime factors of q.
2, 3, 7
Let i = 1 + 4. Suppose i*y = 5*m + 76 + 39, y + 5*m + 1 = 0. What are the prime factors of y?
19
Let l(x) = -14*x. Let s be l(-1). Suppose s = t + 4*n + 1, t = -5*n + 15. Suppose -t*a + 69 = -41. What are the prime factors of a?
2, 11
Suppose -4*f = -4*v + 200, 3*v - 171 = -0*v - 4*f. List the prime factors of v.
53
Let b be ((-3)/((-9)/(-12)))/(-1). Let t(p) = p**2 - 3*p - 2. Let a be t(b). Suppose -3*o = y + 4*y + a, o + 14 = 5*y. What are the prime factors of y?
2
Suppose -2*q + 2 + 2 = 0, 0 = -d + 5*q + 1. Suppose d = 3*l - 1. Suppose 0 = l*k - 48. List the prime factors of k.
2, 3
Let s(z) = 4*z**2 + 2*z + 1. Let r be 1/(2 - (-7)/(-3)). List the prime factors of s(r).
31
Let p be -1 + (-5)/(15/(-18)). Suppose -p*y + 15 = -15. List the prime factors of y.
2, 3
Let g(a) = -6*a**2 + 2*a - 3 + 2*a + 0*a. Let v(h) = 18*h**2 - 11*h + 8. Let s(r) = 8*g(r) + 3*v(r). What are the prime factors of s(1)?
5
Let m(f) = -f**2 - 22*f + 5. What are the prime factors of m(-17)?
2, 3, 5
Let j be -9 + 2 + 1 + -1. Let x(n) = n + 10. What are the prime factors of x(j)?
3
Let x(a) = a + 4. Let m be x(-2). Suppose 5*t - m*t = 78. List the prime factors of t.
2, 13
Suppose -2*g = -5*b + g + 29, -2*g - 2 = b. Let h be (-2)/(-1)*6/4. Suppose 0*w + h = 4*w + 5*n, -b*w = 3*n - 13. List the prime factors of w.
7
Let a = -89 - -355. What are the prime factors of a?
2, 7, 19
Let f = -77 - -145. What are the prime factors of f?
2, 17
Let m(d) = -17*d - 2. Let p be m(-4). Suppose -g - p = -4*g. What are the prime factors of g?
2, 11
Suppose 5*u - 56 = 219. What are the prime factors of u?
5, 11
Let d be 33*4/(-6)*-1. Suppose -5*j = -v - d, 0*j + j - 2*v = -1. Suppose 0 = j*g - m - 65 + 20, -g - 5*m = -9. What are the prime factors of g?
3
Let o(l) be the second derivative of -l**5/20 + l**4 - 5*l**3/3 + 2*l**2 + 3*l. What are the prime factors of o(11)?
3, 5
Let p(w) = -w + 17. Let m be p(14). Suppose 7 + 1 = 4*y. Suppose 3*l = y*l + m. What are the prime factors of l?
3
Let g = -1 - -6. Let n(y) = -y + 3. Let w(p) = p - 2. Let l(d) = g*w(d) + 2*n(d). What are the prime factors of l(4)?
2
Let l = 39 - -2. What are the prime factors of l?
41
Suppose -7*j + 922 = -282. What are the prime factors of j?
2, 43
Let j = -11 + 41. List the prime factors of j.
2, 3, 5
Let i = -2 + 4. What are the prime factors of i/(-1 + (-38)/(-34))?
17
Let x be 1/4 - (-46)/8. Suppose 0 = h + 4*h + 5*i - 10, -1 = i. Suppose -x = -h*p + 2*p. List the prime factors of p.
2, 3
Let v(x) = x**2 + 8*x + 10. Suppose 5*o + 8 = -32. List the prime factors of v(o).
2, 5
Suppose 0*f - 2*f + 2*z + 20 = 0, 4*f = 3*z + 42. What are the prime factors of f?
2, 3
Let i(y) = -2*y**3 - y**2 + y - 2. Let a be 4 + -4 - -1*5. Suppose -5*w + 8 + 12 = 0, a*m = 5*w - 30. What are the prime factors of i(m)?
2
Let a = 66 - 50. List the prime factors of a.
2
What are the prime factors of 1 + (368/3 - 3/(-9))?
2, 31
Let i(m) = -2 + 4 - 2*m**2 - 4 - 2*m + 4*m**2. Let q be 2/(-3) - 12/9. What are the prime factors of i(q)?
2, 5
Let t(a) = 4*a - 5. List the prime factors of t(7).
23
What are the prime factors of ((-329)/4 + 1/(-4))*-2?
3, 5, 11
Let v = -22 + 24. Suppose -x - 66 = -v*a, 3*a - 4*x = 6*a - 99. What are the prime factors of a?
3, 11
Suppose -6 = -3*m + 3. Suppose -2*g - 71 = 7*y - 2*y, 0 = g + m*y + 37. Let h = -20 - g. What are the prime factors of h?
2
Let c = -7 - -11. List the prime factors of (1 - 5)/c + 13.
2, 3
Let i(q) = q + 1. Let m be 30/8 - (-1)/4. Let z be i(m). Let b = 0 + z. List the prime factors of b.
5
Let c be 3*6/9 + 4. Let u be 34/6 + (-4)/c. Suppose 4 = 2*i - n, -9 + 1 = -4*i + u*n. List the prime factors of i.
2
Let j(p) = -13*p**3 - p**2 + p + 1. Let o be ((-6)/(-3))/1 + -1. Let k be ((1*-2)/2)/o. List the prime factors of j(k).
2, 3
Let a = 2 + -1. Let n be (-74)/2 + (a - 0). Let u = -24 - n. What are the prime factors of u?
2, 3
Let a(z) be the first derivative of -z**4/4 - 3*z**3 - 9*z**2/2 + 10*z + 1. List the prime factors of a(-8).
2, 3
Suppose -2*b - 5 = -45. Suppose b = h - 4*z, 2*z = 3*h - 2*z - 52. List the prime factors of h.
2
Let r = 0 + 0. Suppose -d = -r*d - 10. List the prime factors of d.
2, 5
Suppose 3*x - 5*x - 8 = 0, 3*x + 36 = 4*s. Suppose -4*y = -5*z - 81, 0 = -3*y - 3*z - s + 33. List the prime factors of y.
2, 7
Let p(b) = b - 4. Let q be p(6). Suppose -q*i = -3*i + 3. Suppose 5 = 5*y - 5*o, -3 = i*y - y - 3*o. What are the prime factors of y?
2, 3
Suppose 5*d + 2 = 22. Suppose d*p = 7 + 1. List the prime factors of p.
2
Let d be (-28 - -1)*(0 - 1). Suppose -2*w - 2*k - 6 = -6*w, 5*w + 4*k = d. Suppose -w*v + 12 = v. What are the prime factors of v?
3
Let k(v) = v**2 + v. Suppose -7*y + 2*y = 0. Let f be k(y). Suppose -m = 4*z - f*m - 4, 0 = -5*z - m + 6. List the prime factors of z.
2
Suppose -97 = -3*y + 2*t, -y = y + 5*t - 33. Suppose y = -3*n + 98. List the prime factors of n.
23
Let a be (-3)/(-9) - (-136)/(-12). Let q(w) = -w**3 - 11*w**2 + 12. What are the prime factors of q(a)?
2, 3
Let u(f) = 2*f**3 - f + 1. List the prime factors of u(1).
2
Let t(n) = -2*n**2 + 6*n + 8. Let w be t(6). Let v = -11 - w. Let o = v + -7. List the prime factors of o.
2, 5
Let z(o) = -2*o**2 + 6*o - 7. Let r be z(5). Let y = 75 + r. Suppose 2*p = -p + y. What are the prime factors of p?
2
Suppose 2*x + 4*v + 16 = 0, -2*v + 2 = -4*x - 0*v. Let r be -1 + 1 + (x - -2). Suppose -l - 3*l - 4*q + 12 = r, -11 = -l + q. What are the prime factors of l?
7
Let g(f) = f**2 + 5. Suppose 0 = 4*a + 6 + 2. Let y = a - -2. What are the prime factors of g(y)?
5
Let x(i) = 23*i**2 + 6. List the prime factors of x(-2).
2, 7
Let v be (2 + (-2 - -1))*0. Suppose 4*y = -3*h + 31, 5*y - 2*h - 33 = -v*h. What are the prime factors of y + 1 + -3 + 2?
7
Suppose -4*g + 412 = 4*l, -g = 5*l - 2*l - 93. List the prime factors of g.
2, 3
Suppose 2*o - 33 = -3*n - o, 2*n - o - 28 = 0. Let r = n + -8. List the prime factors of r.
5
Let x be (-36)/(-15) + 2/(-5). Let v be (-176)/(-18) + x/9. Suppose -50 = -v*n + 5*n. List the prime factors of n.
2, 5
Let z = 135 + -48. What are the prime factors of z?
3, 29
Let x = 123 - 49. List the prime factors of x.
2, 37
Let b = 3 + 8. What are the prime factors of b?
11
Let b be (2 - -4 - -1) + -3. Suppose 4*m + b*y - 8*y = -36, 42 = -3*m - 2*y. Let q = m - -29. What are the prime factors of q?
17
Let b(n) = n**2 + 4*n + 4. Let d(q) = q**2 - 3*q. Let t be d(3). Suppose -r + 3*w + 25 = -6*r, -4*r + 2*w - 20 = t. List the prime factors of b(r).
3
Let k = 72 + -16. Suppose 4*v - 8*v + k = 0. List the prime factors of v.
2, 7
Let m = -2 - 0. Let n(f) = 1 + 6*f**2 - 2*f**2 + 0*f**2 - 3*f**2. List the prime factors of n(m).
5
Let f = -4 - -41. List the prime factors of f.
37
Suppose -3*p + 10 = -5. Let z = 6 - 4. Suppose 4*g - p*t - 58 = 0, 3*g + 4*t = z*t + 55. List the prime factors of g.
17
Let v = -5 - -116. List the prime factors of v.
3, 37
List the prime factors of (3 - -1) + (-232)/(-4).
2, 31
Let y = 123 - 75. What are the prime factors of y?
2, 3
Suppose -11*k + 14*k = -9. Suppose -5 + 13 = b. Let g = b + k. List the prime factors of g.
5
Let d be (3/4)/(1/16). Let n be -2 + 3 - (0 + -9). What are the prime factors of (d/10)/(2/n)?
2, 3
List the prime factors of ((-15)/(-3))/((20/(-24))/(-5)).
2, 3, 5
Let n(t) = 31*t**2 + 2*t - 4. What are the prime factors of n(-2)?
2, 29
Let j(c) = c**2 - 2*c - 5. Let g be j(-4). Let u = -11 + g. What are the prime factors of u?
2
Let z be 1*(1 - 0 - -2). Suppose 2*v + 4*q + 20 = -v, 4*v + 5 = -q. Suppose v = h - 3*c + 5, 1 = -2*h - z*c + 18. What are the prime factors of h?
2
Let v be -12*((-75)/6)/5. Let m = v - 16. What are the prime factors of m?
2, 7
List the prime factors of (10/(-2))/(-10)*86.
43
Let i be 6/(-1)*(-15)/30. Let z(b) = b**3 + 3*b - 4. What are the prime factors of z(i)?
2
Suppose 0 = h - 0 - 8. Let t = 4 - h. What are the prime factors of t/(4 - 2) + 6?
2
Let s(j) = 4 + 11*j**2 - 4*j + j**2 + j**3 + 15*j. Let a(u) = -u**2 + u + 1. Let r be a(-3). What are the prime factors of s(r)?
2
List the prime factors of -1*(-2)/(4/34).
17
Suppose 10*i - 8 = 6*i. Suppose -3*v + 48 = 3*t, -2*v - i*v + 5*t + 82 = 0. Li